{"id":7,"date":"2011-03-10T20:16:25","date_gmt":"2011-03-10T20:16:25","guid":{"rendered":"http:\/\/bingolandsouth.teletraan.thomasjbradley.ca\/?page_id=6"},"modified":"2022-07-18T16:34:35","modified_gmt":"2022-07-18T20:34:35","slug":"sessions","status":"publish","type":"page","link":"https:\/\/www.bingolandsouth.com\/?page_id=7","title":{"rendered":"Hours of Operation \/ Heures d&#8217;Affaires"},"content":{"rendered":"\n<p>We are open daily from 9am to 1 am in our Tap &#8216;n Play Lounge.  Bingo games daily at 12:45pm.  Starting September 30th we will be adding 6:45pm sessions on Wednesday-Saturday nights.<\/p>\n\n\n\n<p>Nous sommes ouverts tous les jours de 9h \u00e0 1h du matin dans notre Tap &#8216;n Play Lounge. Jeux de bingo tous les jours \u00e0 12h45. \u00c0 partir du 30 septembre, nous ajouterons des sessions \u00e0 18h45 les mercredis et samedis soirs.<\/p>\n","protected":false},"excerpt":{"rendered":"<p>We are open daily from 9am to 1 am in our Tap &#8216;n Play Lounge. Bingo games daily at 12:45pm. Starting September 30th we will be adding 6:45pm sessions on Wednesday-Saturday nights. Nous sommes ouverts tous les jours de 9h \u00e0 1h du matin dans notre Tap &#8216;n Play Lounge. Jeux de bingo tous les [&hellip;]<\/p>\n","protected":false},"author":1,"featured_media":0,"parent":0,"menu_order":0,"comment_status":"open","ping_status":"open","template":"","meta":[],"yoast_head":"<!-- This site is optimized with the Yoast SEO plugin v19.3 - https:\/\/yoast.com\/wordpress\/plugins\/seo\/ -->\n<title>Hours of Operation \/ Heures d&#039;Affaires \u00b7 Bingoland Gaming Centre<\/title>\n<meta name=\"description\" content=\"Bingoland South is open 7 days a week with many different bingo games and lots of fun.\" \/>\n<meta name=\"robots\" content=\"index, follow, max-snippet:-1, max-image-preview:large, max-video-preview:-1\" \/>\n<link rel=\"canonical\" href=\"https:\/\/www.bingolandsouth.com\/?page_id=7\" \/>\n<meta property=\"og:locale\" content=\"en_US\" \/>\n<meta property=\"og:type\" content=\"article\" \/>\n<meta property=\"og:title\" content=\"Hours of Operation \/ Heures d&#039;Affaires \u00b7 Bingoland Gaming Centre\" \/>\n<meta property=\"og:description\" content=\"Bingoland South is open 7 days a week with many different bingo games and lots of fun.\" \/>\n<meta property=\"og:url\" content=\"https:\/\/www.bingolandsouth.com\/?page_id=7\" \/>\n<meta property=\"og:site_name\" content=\"Bingoland Gaming Centre\" \/>\n<meta property=\"article:modified_time\" content=\"2022-07-18T20:34:35+00:00\" \/>\n<meta name=\"twitter:card\" content=\"summary\" \/>\n<script type=\"application\/ld+json\" class=\"yoast-schema-graph\">{\"@context\":\"https:\/\/schema.org\",\"@graph\":[{\"@type\":\"WebSite\",\"@id\":\"https:\/\/www.bingolandsouth.com\/#website\",\"url\":\"https:\/\/www.bingolandsouth.com\/\",\"name\":\"Bingoland Gaming Centre\",\"description\":\"Ottawa\u2019s Premiere Bingo Destination\",\"potentialAction\":[{\"@type\":\"SearchAction\",\"target\":{\"@type\":\"EntryPoint\",\"urlTemplate\":\"https:\/\/www.bingolandsouth.com\/?s={search_term_string}\"},\"query-input\":\"required name=search_term_string\"}],\"inLanguage\":\"en-US\"},{\"@type\":\"WebPage\",\"@id\":\"https:\/\/www.bingolandsouth.com\/?page_id=7\",\"url\":\"https:\/\/www.bingolandsouth.com\/?page_id=7\",\"name\":\"Hours of Operation \/ Heures d'Affaires \u00b7 Bingoland Gaming Centre\",\"isPartOf\":{\"@id\":\"https:\/\/www.bingolandsouth.com\/#website\"},\"datePublished\":\"2011-03-10T20:16:25+00:00\",\"dateModified\":\"2022-07-18T20:34:35+00:00\",\"description\":\"Bingoland South is open 7 days a week with many different bingo games and lots of fun.\",\"breadcrumb\":{\"@id\":\"https:\/\/www.bingolandsouth.com\/?page_id=7#breadcrumb\"},\"inLanguage\":\"en-US\",\"potentialAction\":[{\"@type\":\"ReadAction\",\"target\":[\"https:\/\/www.bingolandsouth.com\/?page_id=7\"]}]},{\"@type\":\"BreadcrumbList\",\"@id\":\"https:\/\/www.bingolandsouth.com\/?page_id=7#breadcrumb\",\"itemListElement\":[{\"@type\":\"ListItem\",\"position\":1,\"name\":\"Home\",\"item\":\"https:\/\/www.bingolandsouth.com\/\"},{\"@type\":\"ListItem\",\"position\":2,\"name\":\"Hours of Operation \/ Heures d&#8217;Affaires\"}]}]}<\/script>\n<!-- \/ Yoast SEO plugin. -->","yoast_head_json":{"title":"Hours of Operation \/ Heures d'Affaires \u00b7 Bingoland Gaming Centre","description":"Bingoland South is open 7 days a week with many different bingo games and lots of fun.","robots":{"index":"index","follow":"follow","max-snippet":"max-snippet:-1","max-image-preview":"max-image-preview:large","max-video-preview":"max-video-preview:-1"},"canonical":"https:\/\/www.bingolandsouth.com\/?page_id=7","og_locale":"en_US","og_type":"article","og_title":"Hours of Operation \/ Heures d'Affaires \u00b7 Bingoland Gaming Centre","og_description":"Bingoland South is open 7 days a week with many different bingo games and lots of fun.","og_url":"https:\/\/www.bingolandsouth.com\/?page_id=7","og_site_name":"Bingoland Gaming Centre","article_modified_time":"2022-07-18T20:34:35+00:00","twitter_card":"summary","schema":{"@context":"https:\/\/schema.org","@graph":[{"@type":"WebSite","@id":"https:\/\/www.bingolandsouth.com\/#website","url":"https:\/\/www.bingolandsouth.com\/","name":"Bingoland Gaming Centre","description":"Ottawa\u2019s Premiere Bingo Destination","potentialAction":[{"@type":"SearchAction","target":{"@type":"EntryPoint","urlTemplate":"https:\/\/www.bingolandsouth.com\/?s={search_term_string}"},"query-input":"required name=search_term_string"}],"inLanguage":"en-US"},{"@type":"WebPage","@id":"https:\/\/www.bingolandsouth.com\/?page_id=7","url":"https:\/\/www.bingolandsouth.com\/?page_id=7","name":"Hours of Operation \/ Heures d'Affaires \u00b7 Bingoland Gaming Centre","isPartOf":{"@id":"https:\/\/www.bingolandsouth.com\/#website"},"datePublished":"2011-03-10T20:16:25+00:00","dateModified":"2022-07-18T20:34:35+00:00","description":"Bingoland South is open 7 days a week with many different bingo games and lots of fun.","breadcrumb":{"@id":"https:\/\/www.bingolandsouth.com\/?page_id=7#breadcrumb"},"inLanguage":"en-US","potentialAction":[{"@type":"ReadAction","target":["https:\/\/www.bingolandsouth.com\/?page_id=7"]}]},{"@type":"BreadcrumbList","@id":"https:\/\/www.bingolandsouth.com\/?page_id=7#breadcrumb","itemListElement":[{"@type":"ListItem","position":1,"name":"Home","item":"https:\/\/www.bingolandsouth.com\/"},{"@type":"ListItem","position":2,"name":"Hours of Operation \/ Heures d&#8217;Affaires"}]}]}},"_links":{"self":[{"href":"https:\/\/www.bingolandsouth.com\/index.php?rest_route=\/wp\/v2\/pages\/7"}],"collection":[{"href":"https:\/\/www.bingolandsouth.com\/index.php?rest_route=\/wp\/v2\/pages"}],"about":[{"href":"https:\/\/www.bingolandsouth.com\/index.php?rest_route=\/wp\/v2\/types\/page"}],"author":[{"embeddable":true,"href":"https:\/\/www.bingolandsouth.com\/index.php?rest_route=\/wp\/v2\/users\/1"}],"replies":[{"embeddable":true,"href":"https:\/\/www.bingolandsouth.com\/index.php?rest_route=%2Fwp%2Fv2%2Fcomments&post=7"}],"version-history":[{"count":4,"href":"https:\/\/www.bingolandsouth.com\/index.php?rest_route=\/wp\/v2\/pages\/7\/revisions"}],"predecessor-version":[{"id":2289,"href":"https:\/\/www.bingolandsouth.com\/index.php?rest_route=\/wp\/v2\/pages\/7\/revisions\/2289"}],"wp:attachment":[{"href":"https:\/\/www.bingolandsouth.com\/index.php?rest_route=%2Fwp%2Fv2%2Fmedia&parent=7"}],"curies":[{"name":"wp","href":"https:\/\/api.w.org\/{rel}","templated":true}]}}